{"id":178,"date":"2020-05-08T08:39:26","date_gmt":"2020-05-08T06:39:26","guid":{"rendered":"https:\/\/sdl-lelanderon.ch\/eml\/?page_id=178"},"modified":"2020-05-08T08:39:27","modified_gmt":"2020-05-08T06:39:27","slug":"emma-durville","status":"publish","type":"page","link":"https:\/\/sdl-lelanderon.ch\/eml\/emma-durville\/","title":{"rendered":"Emma Durville"},"content":{"rendered":"\n<figure class=\"wp-block-image is-resized\"><img loading=\"lazy\" src=\"blob:https:\/\/sdl-lelanderon.ch\/3eb3127a-765c-4857-b51e-37c2d064f726\" alt=\"\" width=\"200\" height=\"300\"\/><figcaption>Emma Durville<\/figcaption><\/figure>\n\n\n\n<p>Emma Durville est n\u00e9e \u00e0 Paris dans une famille de musiciens et commence sa formation musicale par le violon et le piano \u00e0 l&rsquo;\u00e2ge de six ans. En 2002 elle entre au Conservatoire National de R\u00e9gion de Versailles o\u00f9 elle recevra un Premier Prix de violon dans la classe de Jean-Luc Borsarello. Parall\u00e8lement \u00e0 ses \u00e9tudes de violon moderne elle suivra un cursus de Musique Ancienne en violon baroque dans la classe de Patrick Bismuth.<\/p>\n\n\n\n<p>En 2009 elle part en Suisse se perfectionner \u00e0 la Haute Ecole de Musique de Gen\u00e8ve sur le site de Neuch\u00e2tel o\u00f9 elle a obtenu son Bachelor et son Master de P\u00e9dagogie dans la classe de Stefan Mumenthaler.<\/p>\n\n\n\n<p>Passionn\u00e9e par le m\u00e9tier de musicien d&rsquo;orchestre elle est amen\u00e9e \u00e0 travailler avec des ensembles aux formations vari\u00e9s tels l&rsquo;Op\u00e9ra de Lyon (France), l&rsquo;Orchestre de Chambre Fribourgeois, les Jardins Musicaux ou encore le Sinfonietta de Lausanne. En 2011 elle est re\u00e7ue au concours de l&rsquo;Orchestre Fran\u00e7ais des Jeunes o\u00f9 elle occupe le poste de chef d&rsquo;attaque durant deux ann\u00e9es.<\/p>\n\n\n\n<p>Actuellement elle partage sa vie professionnelle entre ses deux passions, le m\u00e9tier de musicien d&rsquo;orchestre et l&rsquo;enseignement au Conservatoire de musique Neuch\u00e2telois, \u00e0 l\u2019Ecole de Musique du Landeron et au ReProMRuz.&nbsp;<\/p>\n\n\n\n<p>Elle est \u00e9galement membre fondatrice du quatuor Arman.<\/p>\n","protected":false},"excerpt":{"rendered":"<p>Emma Durville est n\u00e9e \u00e0 Paris dans une famille de musiciens et commence sa formation musicale par le violon et le piano \u00e0 l&rsquo;\u00e2ge de six ans. En 2002 elle entre au Conservatoire National de R\u00e9gion de Versailles o\u00f9 elle recevra un Premier Prix de violon dans la classe de Jean-Luc Borsarello. Parall\u00e8lement \u00e0 ses [&hellip;]<\/p>\n","protected":false},"author":1,"featured_media":0,"parent":0,"menu_order":0,"comment_status":"closed","ping_status":"closed","template":"","meta":[],"_links":{"self":[{"href":"https:\/\/sdl-lelanderon.ch\/eml\/wp-json\/wp\/v2\/pages\/178"}],"collection":[{"href":"https:\/\/sdl-lelanderon.ch\/eml\/wp-json\/wp\/v2\/pages"}],"about":[{"href":"https:\/\/sdl-lelanderon.ch\/eml\/wp-json\/wp\/v2\/types\/page"}],"author":[{"embeddable":true,"href":"https:\/\/sdl-lelanderon.ch\/eml\/wp-json\/wp\/v2\/users\/1"}],"replies":[{"embeddable":true,"href":"https:\/\/sdl-lelanderon.ch\/eml\/wp-json\/wp\/v2\/comments?post=178"}],"version-history":[{"count":1,"href":"https:\/\/sdl-lelanderon.ch\/eml\/wp-json\/wp\/v2\/pages\/178\/revisions"}],"predecessor-version":[{"id":179,"href":"https:\/\/sdl-lelanderon.ch\/eml\/wp-json\/wp\/v2\/pages\/178\/revisions\/179"}],"wp:attachment":[{"href":"https:\/\/sdl-lelanderon.ch\/eml\/wp-json\/wp\/v2\/media?parent=178"}],"curies":[{"name":"wp","href":"https:\/\/api.w.org\/{rel}","templated":true}]}}

<figure class="wp-block-image is-resized"><img loading="lazy" src="blob:https://sdl-lelanderon.ch/3eb3127a-765c-4857-b51e-37c2d064f726" alt="" width="200" height="300"/><figcaption>Emma Durville</figcaption></figure>



<p>Emma Durville est née à Paris dans une famille de musiciens et commence sa formation musicale par le violon et le piano à l&rsquo;âge de six ans. En 2002 elle entre au Conservatoire National de Région de Versailles où elle recevra un Premier Prix de violon dans la classe de Jean-Luc Borsarello. Parallèlement à ses études de violon moderne elle suivra un cursus de Musique Ancienne en violon baroque dans la classe de Patrick Bismuth.</p>



<p>En 2009 elle part en Suisse se perfectionner à la Haute Ecole de Musique de Genève sur le site de Neuchâtel où elle a obtenu son Bachelor et son Master de Pédagogie dans la classe de Stefan Mumenthaler.</p>



<p>Passionnée par le métier de musicien d&rsquo;orchestre elle est amenée à travailler avec des ensembles aux formations variés tels l&rsquo;Opéra de Lyon (France), l&rsquo;Orchestre de Chambre Fribourgeois, les Jardins Musicaux ou encore le Sinfonietta de Lausanne. En 2011 elle est reçue au concours de l&rsquo;Orchestre Français des Jeunes où elle occupe le poste de chef d&rsquo;attaque durant deux années.</p>



<p>Actuellement elle partage sa vie professionnelle entre ses deux passions, le métier de musicien d&rsquo;orchestre et l&rsquo;enseignement au Conservatoire de musique Neuchâtelois, à l’Ecole de Musique du Landeron et au ReProMRuz.&nbsp;</p>



<p>Elle est également membre fondatrice du quatuor Arman.</p>

<p>Emma Durville est née à Paris dans une famille de musiciens et commence sa formation musicale par le violon et le piano à l&rsquo;âge de six ans. En 2002 elle entre au Conservatoire National de Région de Versailles où elle recevra un Premier Prix de violon dans la classe de Jean-Luc Borsarello. Parallèlement à ses [&hellip;]</p>
